e prime factors of (-186 + c)*(-8)/((-120)/(-9))?
3, 37
Suppose 0 = -3*c - 12, -1097*n + 5*c - 2107 = -1098*n. List the prime factors of n.
3, 709
Suppose -j = -2*j + 2. Let l be 117/13 + (-2 - j). Suppose 0 = l*o - 705 - 110. What are the prime factors of o?
163
Let h = -409 - -412. Suppose -3*p + h*t + 1761 = 0, 3*p - 3*t = 4*p - 583. List the prime factors of p.
2, 293
Suppose -1515 = -3*p - 3*c, -190*c = -3*p - 187*c + 1527. What are the prime factors of p?
3, 13
Suppose 4*x + 3*m - 24 - 50 = 0, 0 = -4*x - 4*m + 76. Let b = x - 15. Suppose -3*z + 209 = -s, b*s + 2*s - 16 = 0. List the prime factors of z.
71
Let d = 65 - 52. Suppose 9*q + 276 = d*q. Let p = q + 20. What are the prime factors of p?
89
Suppose 9*f = 137657 - 13977 + 227725. List the prime factors of f.
3, 5, 19, 137
Suppose -5*d - 240 = 3*p, 3*p + 2*d + d + 240 = 0. Let r = p + 80. Suppose -6*o + 1156 + 116 = r. What are the prime factors of o?
2, 53
List the prime factors of ((-24 + 20)/((-2)/4) - 1) + 4678.
5, 937
List the prime factors of 62 + -65 + (37488/(-56))/(2/(-14)).
3, 7, 223
Suppose 3*p = m + 17101, -253*m + 252*m = 1. List the prime factors of p.
2, 3, 5, 19
Let t(m) = 167*m + 1. Let y be t(2). Suppose 0 = -22*u + 20*u + 5*o + 385, 3*o - 588 = -3*u. Let r = y - u. List the prime factors of r.
2, 5, 7
Let p(h) = -3283*h - 4536. List the prime factors of p(-19).
7, 8263
Let v be 5 - (7 + (-12)/2). List the prime factors of v/6 - (19690/(-30) - 2).
659
Let r = 17 - 15. Suppose -3*q = 5*n - 350, -149 = -5*q + n + 425. Suppose -3*x = -4*i + q, -5*x + 108 = r*i + i. What are the prime factors of i?
31
Let i(a) = 4*a**2 + 43 - 30 - 61 - 6*a. What are the prime factors of i(-7)?
2, 5, 19
Let w(j) = j**3 + 34*j**2 + 108*j + 9. List the prime factors of w(-9).
2, 3, 59
Let o(u) = -u**2 + u. Let g(f) = -5*f**2 - 20*f + 17. Let x(h) = -g(h) + 3*o(h). List the prime factors of x(16).
863
Suppose c + 2*l + 4 = 0, 3 = 10*c - 12*c - 3*l. Suppose -k - 3 = 0, 2*b - 94 = -c*k + 4*k. List the prime factors of b.
2, 5
Let n be (1*-53)/(-1 + 0). Suppose 51*z - 103*z = 1664. Let v = z + n. What are the prime factors of v?
3, 7
Let j = -39 + 94. Let b be 2/((-4)/6) - (-3 - j). Suppose -240 = -5*c + b. What are the prime factors of c?
59
Let s be 144 - (6/33 + (-4)/22). Let h = 67 - s. List the prime factors of h/21 - -3 - (-308)/3.
2, 3, 17
Suppose 1367*t = 1393*t - 1548846. List the prime factors of t.
3, 6619
Let j = 36706 - 20363. List the prime factors of j.
59, 277
Let t(r) = -14*r + 12*r**2 - 15*r - 21 - 12*r + 63*r - r**3. What are the prime factors of t(11)?
2, 3, 19
Let f = 18 - 23. Let b be ((-1311)/38)/(2/(-12)). What are the prime factors of (f/15)/((-3)/b)?
23
Let g be (-140)/((-344)/112 + 3). Suppose 5*f + 369 = -8*j + 9*j, 5*j - g = 2*f. List the prime factors of j.
2, 197
Let g = 9099 + 13317. What are the prime factors of g?
2, 3, 467
Let h = 0 - 4. Suppose 17*a + 2*j - 18 = 14*a, -2*j - 12 = -2*a. List the prime factors of 53 + 3/(a/h - -3).
5, 11
Let n(c) = -10*c - 184. Let w be n(-16). Let z be (3 - 5)/(-2) - 144. Let h = w - z. What are the prime factors of h?
7, 17
What are the prime factors of 829684/20 + (-531)/(-295)?
2, 20743
Let k(i) = -11 - 9 + 122*i - 1 - 7 + 55. What are the prime factors of k(5)?
7, 13
Suppose -5*v - 5*s + 77 = -8*v, -4*s = -v - 28. Let k = 368 - v. What are the prime factors of k?
2, 7
Let j = -109 + 110. Let q(n) = 37*n + 3. Let b(x) = -18*x - 1. Let r(o) = -7*b(o) - 3*q(o). List the prime factors of r(j).
13
Suppose 0 = 620*r - 623*r - 12. Let y(g) = 13*g**2 - 11*g + 12. List the prime factors of y(r).
2, 3, 11
Suppose 49 + 39 = -3*y - 5*c, 3*y + 95 = 2*c. Let i = -34 - y. List the prime factors of (-21)/(i - (-15)/10).
2, 7
Suppose -24*v + 660 = -19*v. Let c = 134 - 65. Suppose 3*l - 133 = -b + c, 2*b - v = -2*l. What are the prime factors of l?
2, 17
Let t = 26667 + -17052. Suppose 123*s - 138*s + t = 0. List the prime factors of s.
641
Suppose -497*p + 477*p + 4860 = 0. List the prime factors of p.
3
Let c(u) = 84*u**2 + u**3 - 10 + 89*u**2 + 2*u + 6*u - 163*u**2. What are the prime factors of c(-6)?
2, 43
What are the prime factors of (-110)/(-33)*5334/4 - (-10 - -4)?
4451
Let a(w) = -1154*w + 515. List the prime factors of a(-7).
13, 661
What are the prime factors of (35 - (-7176)/(-195))*(1 + 292629/(-9))?
2, 3, 4877
Suppose -5*p = 3*n - 2092, n - 1022 = -4*p + 653. Let f = -291 + p. What are the prime factors of f?
2
Let m(v) = -v**3 - v**2 + 8*v - 2. Let u be -1 - ((-15)/(-25) - 12/(-5)). Let r be m(u). Suppose 5*s - r - 16 = 0. What are the prime factors of s?
2, 3
Let s(b) = b**2 - 6*b + 2. Let a be s(6). Let n(j) = -19*j**a - 10 + 12*j + 52*j**2 - 14*j**2 - 20*j**2. List the prime factors of n(8).
2, 11
Suppose -1 = -2*l - 6*d + 3*d, 3*l + 5*d = 0. Let m be (-32)/(28/30 + -1). Suppose 0 = -l*o + 5*f + m, 2*o - 192 = -0*o + f. What are the prime factors of o?
2, 3
Let i = -63 - -71. Let n be (-2)/(-4) - 12/i. List the prime factors of (-3)/12 + (178/(-8))/n.
2, 11
Let w = -32 + 54. Let z = w - 20. Suppose 0 = d + z*d - 60. List the prime factors of d.
2, 5
Let j = 44 + -41. Suppose 8*t - 3*t = -20, -j*s - 2*t + 13 = 0. Suppose 3*v = 95 + s. What are the prime factors of v?
2, 17
Let z = -6 - -16. Let c be 14/70 - (-378)/z. Let i = 159 - c. What are the prime factors of i?
11
Let z(k) = 2*k**2 - 15*k + 14. Suppose 4*o - 2*b - 16 = 0, -6*o + 2*o = 5*b - 2. Suppose -o*i + 38 = 11. List the prime factors of z(i).
41
What are the prime factors of ((-2405364)/816)/(1/(-4))?
13, 907
Suppose -4*m = 5 - 13. What are the prime factors of (4 + -10 + 3)*(-89 + m)?
3, 29
Suppose -90*c + 83*c = -10927. What are the prime factors of (300/(-175))/((-2)/c)?
2, 3, 223
Let j = -2779 - -11601. List the prime factors of j.
2, 11, 401
Suppose 8*w = 12*w - 16. Let b be ((-5138)/w)/(-7)*2. Suppose -5*o + 6*a + b = 3*a, 3*o = -4*a + 226. List the prime factors of o.
2, 37
Suppose 1077*d - 979*d = 927374. What are the prime factors of d?
9463
Let u be 75 + (-5 - -29)/4. What are the prime factors of u - -1 - (-1 - -2)?
3
Suppose -11*z + 16*z - 113732 = a, -5*z + 113738 = a. What are the prime factors of z?
23, 43
Suppose 227*g = 11424904 + 11606939 - 9864708. What are the prime factors of g?
3, 5, 1289
Suppose -7*k - 26321 = -74985. List the prime factors of k.
2, 11, 79
Suppose 0*g = -3*g + 21. Let k(d) = 22*d**2 + 5*d - 16. Let h be k(g). Suppose 18*p - h = 2629. List the prime factors of p.
3, 23
Suppose 552*i - 63970 = 542*i. List the prime factors of i.
6397
Let t = -42 - -70. Let h = t + -23. Suppose 3*d + 2 = -10, b - h*d = 66. What are the prime factors of b?
2, 23
Let f(k) be the second derivative of -k**5/20 - 7*k**4/6 + k**3/3 + 10*k**2 + 35*k. Let y be f(-14). What are the prime factors of (262*4/y)/(-1)?
131
Let c = 200 + -192. Suppose -10*s + c*s = 10, 0 = 4*j - s - 4245. List the prime factors of j.
2, 5, 53
Let f(y) = 3*y**3 + 53*y**2 - 18*y + 18. Let d be f(-18). Suppose 0 = -14*m - d + 4554. List the prime factors of m.
2, 3
Let g be ((-2425)/(-50))/((-1)/4). Let w = -85 - g. What are the prime factors of w?
109
Let f = -10868 - -26456. List the prime factors of f.
2, 3, 433
Let f(w) = -2*w**2 - 22*w - 18. Let h be f(-10). Suppose 5*g - 9 - 16 = -2*s, -2*s - h*g + 28 = 0. List the prime factors of s.
3, 5
Suppose 20*g + 25 = 21*g. Suppose 0 = -30*f + g*f + 15. Suppose 90 = 2*x - f*j, -2*j + 251 = 5*x - 3*j. What are the prime factors of x?
3, 17
Suppose 306 = 3*u + 60. Let d(o) = 17 - 81*o**2 - 5*o - o + u*o**2. List the prime factors of d(5).
2, 3
Let w = 376 + -371. Suppose -w*a = -25*a + 36500. What are the prime factors of a?
5, 73
Let v = 55 - 58. Let t be -107 + (1 - -1)/1. What are the prime factors of (t/4)/(-1 + v/(-4))?
3, 5, 7
Let m = 248 - 710. Let q = 679 + m. Suppose -9*y + q = -242. List the prime factors of y.
3, 17
Let h = 12015 - -2999. List the prime factors of h.
2, 7507
Suppose -a - 45 = 4*y - 125, -4*a = 5*y - 100. Suppose 2*s = d - 2*d + 100, -4*d - 4*s + 392 = 0. Suppose d = j + y. What are the prime factors of j?
2, 19
Let u = -11723 + 19897. List the prime factors of u.
2, 61, 67
Suppose -91 = -2*g + 4*p + 21, -g + 56 = -5*p. Let t = 32 - g. Let y = t - -28. What are the prime factors of y?
2
Suppose 7*i